est common divisor of 9 and 18591.
3
Calculate the greatest common factor of 7000 and 2240.
280
What is the highest common factor of 1302 and 442029?
651
What is the greatest common factor of 172270 and 2247?
749
What is the highest common divisor of 27018 and 54?
18
Calculate the greatest common factor of 2429 and 5899.
347
What is the highest common divisor of 122304 and 1216?
64
What is the greatest common factor of 4403 and 925?
37
Calculate the highest common divisor of 67739 and 77.
7
Calculate the greatest common factor of 702922 and 1513.
89
Calculate the greatest common divisor of 7202 and 116894.
554
What is the highest common factor of 26 and 1737866?
26
What is the highest common factor of 208 and 77389?
13
What is the highest common divisor of 112 and 87206?
14
What is the highest common factor of 508900 and 1400?
700
What is the highest common factor of 52440 and 11286?
114
Calculate the greatest common factor of 756 and 33460.
28
What is the greatest common factor of 710 and 161930?
10
What is the greatest common divisor of 7100816 and 5312?
1328
What is the highest common divisor of 10515 and 25937?
701
Calculate the highest common factor of 319202 and 26.
26
What is the greatest common divisor of 4337454 and 66?
66
Calculate the greatest common factor of 6028256 and 1118.
1118
Calculate the greatest common divisor of 200493 and 9.
9
What is the greatest common factor of 8526 and 348684?
294
What is the greatest common factor of 40 and 1701105?
5
Calculate the greatest common factor of 246 and 767766.
246
Calculate the greatest common divisor of 5451 and 1932.
69
Calculate the highest common divisor of 1540 and 1364.
44
Calculate the greatest common divisor of 10013 and 32984.
589
Calculate the highest common divisor of 77627 and 220.
11
Calculate the greatest common divisor of 2581 and 145.
29
What is the greatest common factor of 32785 and 19505?
415
Calculate the greatest common divisor of 2196 and 9028.
244
Calculate the greatest common divisor of 4683 and 582253.
1561
What is the highest common factor of 73692 and 1035?
207
What is the greatest common factor of 315 and 423255?
105
Calculate the greatest common divisor of 30400 and 450.
50
Calculate the greatest common factor of 4624 and 204.
68
Calculate the highest common divisor of 1394 and 13858.
82
Calculate the highest common divisor of 3584 and 803040.
224
Calculate the highest common factor of 105 and 640185.
105
What is the greatest common divisor of 2754843 and 156?
39
What is the greatest common factor of 598 and 321862?
46
What is the highest common divisor of 32 and 19496?
8
Calculate the highest common factor of 4 and 26528.
4
Calculate the highest common factor of 9301 and 852.
71
Calculate the greatest common factor of 2711831 and 262.
131
What is the highest common divisor of 7200 and 109050?
150
Calculate the highest common divisor of 11894 and 304.
38
What is the highest common factor of 239607 and 158?
79
What is the highest common divisor of 363682 and 5368?
1342
Calculate the highest common divisor of 111077 and 3601.
277
Calculate the highest common divisor of 127424 and 4163.
181
What is the greatest common factor of 2584 and 59109?
323
Calculate the highest common divisor of 262810 and 2255.
205
Calculate the greatest common factor of 208233 and 102.
51
Calculate the highest common divisor of 96 and 1032640.
32
What is the greatest common divisor of 12 and 121920?
12
Calculate the highest common factor of 16511 and 38.
19
Calculate the highest common factor of 55 and 295669.
11
What is the greatest common divisor of 161934 and 2055?
411
What is the greatest common factor of 11676 and 140?
28
Calculate the greatest common factor of 40 and 38410.
10
What is the greatest common factor of 123 and 216?
3
What is the highest common factor of 8 and 32768?
8
What is the greatest common factor of 276 and 129?
3
What is the greatest common divisor of 2912 and 26936?
728
Calculate the greatest common divisor of 207 and 1367833.
23
Calculate the highest common divisor of 198 and 351.
9
What is the highest common factor of 6802 and 21166?
38
What is the greatest common factor of 146382 and 7626?
186
What is the highest common factor of 121 and 11106227?
121
Calculate the highest common divisor of 1747553 and 607.
607
Calculate the highest common factor of 2383321 and 1047.
349
What is the greatest common divisor of 544059 and 61?
61
What is the greatest common divisor of 264 and 1848?
264
Calculate the greatest common factor of 5 and 1043365.
5
Calculate the highest common factor of 203315 and 185.
185
Calculate the highest common divisor of 926436 and 252.
84
What is the greatest common factor of 1474 and 7075937?
737
Calculate the greatest common factor of 10 and 380520.
10
Calculate the highest common factor of 350 and 50260.
70
Calculate the highest common factor of 42 and 46158.
42
Calculate the highest common factor of 564642 and 285.
57
What is the highest common divisor of 26 and 23283?
13
Calculate the highest common factor of 28611 and 297.
99
What is the greatest common divisor of 311840 and 128?
32
Calculate the highest common factor of 171636 and 48.
12
What is the greatest common factor of 31720 and 7137?
793
What is the greatest common divisor of 210 and 2337762?
42
Calculate the highest common factor of 328 and 16056.
8
Calculate the greatest common factor of 41310 and 24990.
510
Calculate the highest common divisor of 3136 and 539.
49
What is the greatest common factor of 66073 and 28?
7
Calculate the greatest common factor of 3186 and 335946.
354
What is the highest common divisor of 198 and 663597?
99
Calculate the greatest common divisor of 53 and 45739.
53
Calculate the highest common factor of 22693 and 44.
11
What is the highest common factor of 1100 and 153120?
220
What is the greatest common divisor of 102591 and 9?
9
What is the highest common divisor of 7898 and 22?
22
Calculate the highest common factor of 5056 and 14536.
632
Calculate the highest common divisor of 77057 and 1228.
307
Calculate the highest common factor of 565972 and 44.
44
What is the highest common divisor of 213516 and 162?
162
What is the greatest common factor of 74 and 1212?
2
Calculate the highest common divisor of 270 and 196398.
54
What is the highest common divisor of 174 and 183628?
58
What is the highest common factor of 33598 and 1070?
214
Calculate the greatest common divisor of 91295 and 95.
95
What is the highest common factor of 3861 and 495963?
351
Calculate the greatest common divisor of 323218 and 14.
14
Calculate the highest common factor of 2871 and 61886.
319
What is the greatest common factor of 37596 and 17004?
156
What is the highest common divisor of 40951 and 1426?
31
What is the highest common divisor of 19454 and 568?
142
What is the greatest common divisor of 146176 and 42254?
1142
What is the greatest common factor of 2175600 and 100?
100
What is the greatest common factor of 18766 and 946?
22
Calculate the greatest common divisor of 219184 and 77456.
1648
Calculate the highest common factor of 1440585 and 2835.
405
Calculate the highest common factor of 17429 and 551.
29
What is the greatest common divisor of 600 and 161940?
60
Calculate the highest common factor of 23517 and 434629.
871
Calculate the greatest common factor of 447720 and 105.
105
What is the greatest common factor of 5 and 22105?
5
What is the greatest common factor of 84 and 176676?
12
What is the highest common factor of 5 and 300145?
5
Calculate the highest common divisor of 396 and 96052.
44
Calculate the highest common factor of 36 and 3378132.
36
Calculate the greatest common divisor of 629336 and 776.
776
Calculate the highest common factor of 560 and 369040.
560
Calculate the greatest common divisor of 825 and 93555.
165
Calculate the highest common factor of 19375 and 248.
31
Calculate the highest common factor of 67672 and 264.
88
What is the highest common factor of 6 and 156500?
2
Calculate the highest common factor of 1038891 and 427.
427
Calculate the greatest common divisor of 12 and 111966.
6
What is the highest common divisor of 54662 and 14842?
362
What is the greatest common factor of 1586 and 234?
26
Calculate the greatest common factor of 222 